{"id":1062,"date":"2025-10-26T17:22:16","date_gmt":"2025-10-26T16:22:16","guid":{"rendered":"https:\/\/melodiedomova.cz\/?page_id=1062"},"modified":"2025-10-26T17:22:17","modified_gmt":"2025-10-26T16:22:17","slug":"cookies","status":"publish","type":"page","link":"https:\/\/melodiedomova.cz\/?page_id=1062","title":{"rendered":"Cookies"},"content":{"rendered":"\n<p>Souhlas s&nbsp;pou\u017e\u00edv\u00e1n\u00edm cookies<\/p>\n\n\n\n<p>Cookies jsou mal\u00e9 soubory, kter\u00e9 se do\u010dasn\u011b ukl\u00e1daj\u00ed ve va\u0161em po\u010d\u00edta\u010di a&nbsp;pom\u00e1haj\u00ed n\u00e1m k&nbsp;lep\u0161\u00ed u\u017eivatelsk\u00e9 zku\u0161enosti na&nbsp;na\u0161ich str\u00e1nk\u00e1ch. Cookies pou\u017e\u00edv\u00e1me k&nbsp;personalizaci obsahu str\u00e1nek a&nbsp;reklam, poskytov\u00e1n\u00ed funkc\u00ed soci\u00e1ln\u00edch s\u00edt\u00ed a&nbsp;k anal\u00fdze n\u00e1v\u0161t\u011bvnosti. Informace o&nbsp;va\u0161em pou\u017e\u00edv\u00e1n\u00ed na\u0161ich str\u00e1nek tak\u00e9 sd\u00edl\u00edme s&nbsp;na\u0161imi partnery v&nbsp;oblasti soci\u00e1ln\u00edch s\u00edt\u00ed, reklamy a&nbsp;anal\u00fdzy, kte\u0159\u00ed je mohou kombinovat s&nbsp;dal\u0161\u00edmi informacemi, kter\u00e9 jste jim poskytli nebo kter\u00e9 shrom\u00e1\u017edili p\u0159i va\u0161em pou\u017e\u00edv\u00e1n\u00ed jejich slu\u017eeb.<br><br>Ze z\u00e1kona m\u016f\u017eeme na&nbsp;va\u0161em za\u0159\u00edzen\u00ed ukl\u00e1dat pouze soubory cookie, kter\u00e9 jsou nezbytn\u011b nutn\u00e9 pro&nbsp;provoz t\u011bchto str\u00e1nek. Pro&nbsp;v\u0161echny ostatn\u00ed typy soubor\u016f cookie pot\u0159ebujeme va\u0161e svolen\u00ed. Budeme vd\u011b\u010dn\u00ed, kdy\u017e n\u00e1m ho poskytnete a&nbsp;pom\u016f\u017eete n\u00e1m tak, na\u0161e str\u00e1nky a&nbsp;slu\u017eby zlep\u0161ovat. Sv\u016fj souhlas s&nbsp;pou\u017e\u00edv\u00e1n\u00edm cookies na&nbsp;na\u0161em webu m\u016f\u017eete samoz\u0159ejm\u011b kdykoliv zm\u011bnit nebo odvolat.<\/p>\n","protected":false},"excerpt":{"rendered":"<p>Souhlas s&nbsp;pou\u017e\u00edv\u00e1n\u00edm cookies Cookies jsou mal\u00e9 soubory, kter\u00e9 se do\u010dasn\u011b ukl\u00e1daj\u00ed ve va\u0161em po\u010d\u00edta\u010di a&nbsp;pom\u00e1haj\u00ed n\u00e1m k&nbsp;lep\u0161\u00ed u\u017eivatelsk\u00e9 zku\u0161enosti na&nbsp;na\u0161ich str\u00e1nk\u00e1ch. Cookies pou\u017e\u00edv\u00e1me k&nbsp;personalizaci obsahu &hellip; <\/p>\n","protected":false},"author":6,"featured_media":0,"parent":0,"menu_order":0,"comment_status":"closed","ping_status":"closed","template":"","meta":{"_uag_custom_page_level_css":"","footnotes":""},"class_list":["post-1062","page","type-page","status-publish","hentry"],"featured_image_src":"","featured_image_src_square":false,"rbea_author_info":{"display_name":"Zuzana \u010cuhani\u010dov\u00e1","author_link":"https:\/\/melodiedomova.cz\/?author=6"},"rbea_excerpt_info":"Souhlas s&nbsp;pou\u017e\u00edv\u00e1n\u00edm cookies Cookies jsou mal\u00e9 soubory, kter\u00e9 se do\u010dasn\u011b ukl\u00e1daj\u00ed ve va\u0161em po\u010d\u00edta\u010di a&nbsp;pom\u00e1haj\u00ed n\u00e1m k&nbsp;lep\u0161\u00ed u\u017eivatelsk\u00e9 zku\u0161enosti na&nbsp;na\u0161ich str\u00e1nk\u00e1ch. Cookies pou\u017e\u00edv\u00e1me k&nbsp;personalizaci obsahu &hellip; ","uagb_featured_image_src":{"full":false,"thumbnail":false,"medium":false,"medium_large":false,"large":false,"post-slider-thumb-size":false,"post-category-slider-size":false,"1536x1536":false,"2048x2048":false,"vilva-slider-one":false,"vilva-featured-four":false,"vilva-blog":false,"vilva-blog-one":false,"vilva-sidebar":false,"mailpoet_newsletter_max":false,"woocommerce_thumbnail":false,"woocommerce_single":false,"woocommerce_gallery_thumbnail":false},"uagb_author_info":{"display_name":"Zuzana \u010cuhani\u010dov\u00e1","author_link":"https:\/\/melodiedomova.cz\/?author=6"},"uagb_comment_info":0,"uagb_excerpt":"Souhlas s&nbsp;pou\u017e\u00edv\u00e1n\u00edm cookies Cookies jsou mal\u00e9 soubory, kter\u00e9 se do\u010dasn\u011b ukl\u00e1daj\u00ed ve va\u0161em po\u010d\u00edta\u010di a&nbsp;pom\u00e1haj\u00ed n\u00e1m k&nbsp;lep\u0161\u00ed u\u017eivatelsk\u00e9 zku\u0161enosti na&nbsp;na\u0161ich str\u00e1nk\u00e1ch. Cookies pou\u017e\u00edv\u00e1me k&nbsp;personalizaci obsahu &hellip;","jetpack_sharing_enabled":true,"_links":{"self":[{"href":"https:\/\/melodiedomova.cz\/index.php?rest_route=\/wp\/v2\/pages\/1062","targetHints":{"allow":["GET"]}}],"collection":[{"href":"https:\/\/melodiedomova.cz\/index.php?rest_route=\/wp\/v2\/pages"}],"about":[{"href":"https:\/\/melodiedomova.cz\/index.php?rest_route=\/wp\/v2\/types\/page"}],"author":[{"embeddable":true,"href":"https:\/\/melodiedomova.cz\/index.php?rest_route=\/wp\/v2\/users\/6"}],"replies":[{"embeddable":true,"href":"https:\/\/melodiedomova.cz\/index.php?rest_route=%2Fwp%2Fv2%2Fcomments&post=1062"}],"version-history":[{"count":1,"href":"https:\/\/melodiedomova.cz\/index.php?rest_route=\/wp\/v2\/pages\/1062\/revisions"}],"predecessor-version":[{"id":1064,"href":"https:\/\/melodiedomova.cz\/index.php?rest_route=\/wp\/v2\/pages\/1062\/revisions\/1064"}],"wp:attachment":[{"href":"https:\/\/melodiedomova.cz\/index.php?rest_route=%2Fwp%2Fv2%2Fmedia&parent=1062"}],"curies":[{"name":"wp","href":"https:\/\/api.w.org\/{rel}","templated":true}]}}