{"id":1840,"date":"2025-11-12T23:38:53","date_gmt":"2025-11-12T22:38:53","guid":{"rendered":"https:\/\/melodiedomova.cz\/?post_type=product&#038;p=1840"},"modified":"2026-03-17T09:24:52","modified_gmt":"2026-03-17T08:24:52","slug":"letni-melodie","status":"publish","type":"product","link":"https:\/\/melodiedomova.cz\/?product=letni-melodie","title":{"rendered":"Letn\u00ed Melodie"},"content":{"rendered":"<div class=\"card__info__description\" data-v-043cbb43=\"\">\n<p>\ud83c\udf3b\u00a0Ka\u017ed\u00fd drobn\u00fd zvyk a prost\u00fd ritu\u00e1l dok\u00e1\u017ee <em>prom\u011bnit oby\u010dejnou chv\u00edli ve sv\u00e1te\u010dn\u00ed.<\/em><\/p>\n<p><strong>\ud83c\udf3b Z\u00edsk\u00e1te p\u0159es 80 stran inspirace:<\/strong><\/p>\n<ul>\n<li>V\u00edla<\/li>\n<li>Svatoj\u00e1nsk\u00e9 obdob\u00ed<\/li>\n<li>Slunovratov\u00e9 pe\u010den\u00ed<\/li>\n<li>Sv\u011b\u017e\u00ed letn\u00ed dezert<\/li>\n<li>Poetick\u00fd herb\u00e1\u0159<\/li>\n<li>Krabi\u010dky na mal\u00e9 poklady<\/li>\n<li>\u0160vestkov\u00e1 ko\u0159en\u011bn\u00e1 marmel\u00e1da<\/li>\n<li>Slune\u010dn\u00ed otisky<\/li>\n<li>Do\u017e\u00ednky<\/li>\n<\/ul>\n<p>\ud83c\udf3b\u00a0Materi\u00e1ly jsou koncipovan\u00e9 tak, aby se daly ka\u017ed\u00fd rok &#8222;recyklovat&#8220; a v\u011bci z tvo\u0159en\u00ed v\u00e1m vydr\u017e\u00ed do dal\u0161\u00edch let, tak\u017ee si jimi budete moct zdobit domov opakovan\u011b.<\/p>\n<p>\ud83c\udf3b\u00a0Nepot\u0159ebujeme stihnout v\u0161echno. D\u016fle\u017eit\u00e9 je p\u0159edev\u0161\u00edm um\u011bt se <strong>rozhl\u00ed\u017eet kolem sebe a oce\u0148ovat kr\u00e1su, kterou n\u00e1m p\u0159\u00edroda ka\u017ed\u00fd den nab\u00edz\u00ed a<\/strong> v neposledn\u00ed \u0159ad\u011b <strong>b\u00fdt spolu s milovan\u00fdmi a tvo\u0159it si spole\u010dn\u00e9 pro\u017eitky a vzpom\u00ednky. <\/strong>Melodii berte jako oporu a inspiraci k tomu p\u0159in\u00e9st si dom\u016f kr\u00e1sno, radost a letn\u00ed kouzlo.<\/p>\n<p>&nbsp;<\/p>\n<\/div>\n","protected":false},"excerpt":{"rendered":"<h5>Nala\u010fte se s n\u00e1mi na l\u00e9to<\/h5>\n<div class=\"card__info__description\" data-v-043cbb43=\"\">\n<p>\ud83c\udf3b\u00a0Nechte se popostr\u010dit k tomu, abyste si vytv\u00e1\u0159eli <strong>mal\u00e9 sv\u00e1tky<\/strong> i v ul\u00edtan\u00e9 ka\u017edodennosti.<\/p>\n<p>\ud83c\udf3b\u00a0Melodii berte jako oporu a inspiraci k tomu <strong>p\u0159in\u00e9st si dom\u016f kr\u00e1sno, radost a letn\u00ed kouzlo.<\/strong><\/p>\n<p>V Letn\u00ed Melodii najdete:<\/p>\n<ul>\n<li><strong>tradice laskav\u011b pojat\u00e9 a \u017eit\u00e9<\/strong> v dne\u0161n\u00ed dob\u011b<\/li>\n<li><strong>letn\u00ed recepty<\/strong>, kter\u00fdmi si provon\u00edte domov<\/li>\n<li>n\u00e1vody na <strong>tvo\u0159en\u00ed, jimi\u017e si v\u00e1\u0161 domov ozdob\u00edte<\/strong><\/li>\n<\/ul>\n<\/div>\n","protected":false},"featured_media":1853,"template":"","meta":{"_uag_custom_page_level_css":""},"product_brand":[],"product_cat":[32],"product_tag":[],"class_list":{"0":"post-1840","1":"product","2":"type-product","3":"status-publish","4":"has-post-thumbnail","6":"product_cat-rocni-obdobi","8":"first","9":"instock","10":"sale","11":"downloadable","12":"virtual","13":"purchasable","14":"product-type-simple"},"uagb_featured_image_src":{"full":["https:\/\/melodiedomova.cz\/wp-content\/uploads\/2025\/11\/Adventni-spirala16.jpg",1414,2000,false],"thumbnail":["https:\/\/melodiedomova.cz\/wp-content\/uploads\/2025\/11\/Adventni-spirala16-150x150.jpg",150,150,true],"medium":["https:\/\/melodiedomova.cz\/wp-content\/uploads\/2025\/11\/Adventni-spirala16-212x300.jpg",212,300,true],"medium_large":["https:\/\/melodiedomova.cz\/wp-content\/uploads\/2025\/11\/Adventni-spirala16-768x1086.jpg",768,1086,true],"large":["https:\/\/melodiedomova.cz\/wp-content\/uploads\/2025\/11\/Adventni-spirala16-354x500.jpg",354,500,true],"post-slider-thumb-size":["https:\/\/melodiedomova.cz\/wp-content\/uploads\/2025\/11\/Adventni-spirala16-330x190.jpg",330,190,true],"post-category-slider-size":["https:\/\/melodiedomova.cz\/wp-content\/uploads\/2025\/11\/Adventni-spirala16-330x350.jpg",330,350,true],"1536x1536":["https:\/\/melodiedomova.cz\/wp-content\/uploads\/2025\/11\/Adventni-spirala16-1086x1536.jpg",1086,1536,true],"2048x2048":["https:\/\/melodiedomova.cz\/wp-content\/uploads\/2025\/11\/Adventni-spirala16.jpg",1414,2000,false],"vilva-slider-one":["https:\/\/melodiedomova.cz\/wp-content\/uploads\/2025\/11\/Adventni-spirala16-1220x600.jpg",1220,600,true],"vilva-featured-four":["https:\/\/melodiedomova.cz\/wp-content\/uploads\/2025\/11\/Adventni-spirala16-800x530.jpg",800,530,true],"vilva-blog":["https:\/\/melodiedomova.cz\/wp-content\/uploads\/2025\/11\/Adventni-spirala16-420x280.jpg",420,280,true],"vilva-blog-one":["https:\/\/melodiedomova.cz\/wp-content\/uploads\/2025\/11\/Adventni-spirala16-900x500.jpg",900,500,true],"vilva-sidebar":["https:\/\/melodiedomova.cz\/wp-content\/uploads\/2025\/11\/Adventni-spirala16-840x473.jpg",840,473,true],"mailpoet_newsletter_max":["https:\/\/melodiedomova.cz\/wp-content\/uploads\/2025\/11\/Adventni-spirala16-1320x1867.jpg",1320,1867,true],"woocommerce_thumbnail":["https:\/\/melodiedomova.cz\/wp-content\/uploads\/2025\/11\/Adventni-spirala16-300x300.jpg",300,300,true],"woocommerce_single":["https:\/\/melodiedomova.cz\/wp-content\/uploads\/2025\/11\/Adventni-spirala16-800x1132.jpg",800,1132,true],"woocommerce_gallery_thumbnail":["https:\/\/melodiedomova.cz\/wp-content\/uploads\/2025\/11\/Adventni-spirala16-100x100.jpg",100,100,true]},"uagb_author_info":{"display_name":"Zuzana \u010cuhani\u010dov\u00e1","author_link":"https:\/\/melodiedomova.cz\/?author=0"},"uagb_comment_info":0,"uagb_excerpt":"Nala\u010fte se s n\u00e1mi na l\u00e9to \ud83c\udf3b\u00a0Nechte se popostr\u010dit k tomu, abyste si vytv\u00e1\u0159eli mal\u00e9 sv\u00e1tky i v ul\u00edtan\u00e9 ka\u017edodennosti. \ud83c\udf3b\u00a0Melodii berte jako oporu a inspiraci k tomu p\u0159in\u00e9st si dom\u016f kr\u00e1sno, radost a letn\u00ed kouzlo. V Letn\u00ed Melodii najdete: tradice laskav\u011b pojat\u00e9 a \u017eit\u00e9 v dne\u0161n\u00ed dob\u011b letn\u00ed recepty, kter\u00fdmi si provon\u00edte domov n\u00e1vody&hellip;","jetpack_sharing_enabled":true,"_links":{"self":[{"href":"https:\/\/melodiedomova.cz\/index.php?rest_route=\/wp\/v2\/product\/1840","targetHints":{"allow":["GET"]}}],"collection":[{"href":"https:\/\/melodiedomova.cz\/index.php?rest_route=\/wp\/v2\/product"}],"about":[{"href":"https:\/\/melodiedomova.cz\/index.php?rest_route=\/wp\/v2\/types\/product"}],"wp:featuredmedia":[{"embeddable":true,"href":"https:\/\/melodiedomova.cz\/index.php?rest_route=\/wp\/v2\/media\/1853"}],"wp:attachment":[{"href":"https:\/\/melodiedomova.cz\/index.php?rest_route=%2Fwp%2Fv2%2Fmedia&parent=1840"}],"wp:term":[{"taxonomy":"product_brand","embeddable":true,"href":"https:\/\/melodiedomova.cz\/index.php?rest_route=%2Fwp%2Fv2%2Fproduct_brand&post=1840"},{"taxonomy":"product_cat","embeddable":true,"href":"https:\/\/melodiedomova.cz\/index.php?rest_route=%2Fwp%2Fv2%2Fproduct_cat&post=1840"},{"taxonomy":"product_tag","embeddable":true,"href":"https:\/\/melodiedomova.cz\/index.php?rest_route=%2Fwp%2Fv2%2Fproduct_tag&post=1840"}],"curies":[{"name":"wp","href":"https:\/\/api.w.org\/{rel}","templated":true}]}}