{"id":3068,"date":"2026-03-01T12:45:24","date_gmt":"2026-03-01T11:45:24","guid":{"rendered":"https:\/\/melodiedomova.cz\/?post_type=product&#038;p=3068"},"modified":"2026-03-01T12:48:09","modified_gmt":"2026-03-01T11:48:09","slug":"printable-spring-templates","status":"publish","type":"product","link":"https:\/\/melodiedomova.cz\/?product=printable-spring-templates","title":{"rendered":"Printable spring templates"},"content":{"rendered":"","protected":false},"excerpt":{"rendered":"<p>\u2740 PDF instructions and template: Messengers of spring and Spring mobile<\/p>\n<p>\u2740 Simply print, cut out (or trace them onto a sturdier paper) and color<\/p>\n<p>\u2740 Have fun and bring something tender and cute to your home \u2661<\/p>\n","protected":false},"featured_media":2991,"template":"","meta":{"_uag_custom_page_level_css":""},"product_brand":[],"product_cat":[20],"product_tag":[],"class_list":{"0":"post-3068","1":"product","2":"type-product","3":"status-publish","4":"has-post-thumbnail","6":"product_cat-nezarazene","8":"first","9":"instock","10":"sale","11":"downloadable","12":"virtual","13":"purchasable","14":"product-type-simple"},"uagb_featured_image_src":{"full":["https:\/\/melodiedomova.cz\/wp-content\/uploads\/2026\/02\/IMG_7566-scaled.jpg",1707,2560,false],"thumbnail":["https:\/\/melodiedomova.cz\/wp-content\/uploads\/2026\/02\/IMG_7566-150x150.jpg",150,150,true],"medium":["https:\/\/melodiedomova.cz\/wp-content\/uploads\/2026\/02\/IMG_7566-200x300.jpg",200,300,true],"medium_large":["https:\/\/melodiedomova.cz\/wp-content\/uploads\/2026\/02\/IMG_7566-768x1152.jpg",768,1152,true],"large":["https:\/\/melodiedomova.cz\/wp-content\/uploads\/2026\/02\/IMG_7566-333x500.jpg",333,500,true],"post-slider-thumb-size":["https:\/\/melodiedomova.cz\/wp-content\/uploads\/2026\/02\/IMG_7566-330x190.jpg",330,190,true],"post-category-slider-size":["https:\/\/melodiedomova.cz\/wp-content\/uploads\/2026\/02\/IMG_7566-330x350.jpg",330,350,true],"1536x1536":["https:\/\/melodiedomova.cz\/wp-content\/uploads\/2026\/02\/IMG_7566-1024x1536.jpg",1024,1536,true],"2048x2048":["https:\/\/melodiedomova.cz\/wp-content\/uploads\/2026\/02\/IMG_7566-1365x2048.jpg",1365,2048,true],"vilva-slider-one":["https:\/\/melodiedomova.cz\/wp-content\/uploads\/2026\/02\/IMG_7566-1220x600.jpg",1220,600,true],"vilva-featured-four":["https:\/\/melodiedomova.cz\/wp-content\/uploads\/2026\/02\/IMG_7566-800x530.jpg",800,530,true],"vilva-blog":["https:\/\/melodiedomova.cz\/wp-content\/uploads\/2026\/02\/IMG_7566-420x280.jpg",420,280,true],"vilva-blog-one":["https:\/\/melodiedomova.cz\/wp-content\/uploads\/2026\/02\/IMG_7566-900x500.jpg",900,500,true],"vilva-sidebar":["https:\/\/melodiedomova.cz\/wp-content\/uploads\/2026\/02\/IMG_7566-840x473.jpg",840,473,true],"mailpoet_newsletter_max":["https:\/\/melodiedomova.cz\/wp-content\/uploads\/2026\/02\/IMG_7566-1320x1980.jpg",1320,1980,true],"woocommerce_thumbnail":["https:\/\/melodiedomova.cz\/wp-content\/uploads\/2026\/02\/IMG_7566-300x300.jpg",300,300,true],"woocommerce_single":["https:\/\/melodiedomova.cz\/wp-content\/uploads\/2026\/02\/IMG_7566-800x1200.jpg",800,1200,true],"woocommerce_gallery_thumbnail":["https:\/\/melodiedomova.cz\/wp-content\/uploads\/2026\/02\/IMG_7566-100x100.jpg",100,100,true]},"uagb_author_info":{"display_name":"Zuzana \u010cuhani\u010dov\u00e1","author_link":"https:\/\/melodiedomova.cz\/?author=0"},"uagb_comment_info":0,"uagb_excerpt":"\u2740 PDF instructions and template: Messengers of spring and Spring mobile \u2740 Simply print, cut out (or trace them onto a sturdier paper) and color \u2740 Have fun and bring something tender and cute to your home \u2661","jetpack_sharing_enabled":true,"_links":{"self":[{"href":"https:\/\/melodiedomova.cz\/index.php?rest_route=\/wp\/v2\/product\/3068","targetHints":{"allow":["GET"]}}],"collection":[{"href":"https:\/\/melodiedomova.cz\/index.php?rest_route=\/wp\/v2\/product"}],"about":[{"href":"https:\/\/melodiedomova.cz\/index.php?rest_route=\/wp\/v2\/types\/product"}],"wp:featuredmedia":[{"embeddable":true,"href":"https:\/\/melodiedomova.cz\/index.php?rest_route=\/wp\/v2\/media\/2991"}],"wp:attachment":[{"href":"https:\/\/melodiedomova.cz\/index.php?rest_route=%2Fwp%2Fv2%2Fmedia&parent=3068"}],"wp:term":[{"taxonomy":"product_brand","embeddable":true,"href":"https:\/\/melodiedomova.cz\/index.php?rest_route=%2Fwp%2Fv2%2Fproduct_brand&post=3068"},{"taxonomy":"product_cat","embeddable":true,"href":"https:\/\/melodiedomova.cz\/index.php?rest_route=%2Fwp%2Fv2%2Fproduct_cat&post=3068"},{"taxonomy":"product_tag","embeddable":true,"href":"https:\/\/melodiedomova.cz\/index.php?rest_route=%2Fwp%2Fv2%2Fproduct_tag&post=3068"}],"curies":[{"name":"wp","href":"https:\/\/api.w.org\/{rel}","templated":true}]}}